emainder when 5235 is divided by 4878?
357
Calculate the remainder when 2471 is divided by 20.
11
What is the remainder when 16881 is divided by 345?
321
What is the remainder when 89929 is divided by 10?
9
Calculate the remainder when 26127 is divided by 3.
0
Calculate the remainder when 15029 is divided by 750.
29
What is the remainder when 2484 is divided by 951?
582
Calculate the remainder when 901 is divided by 50.
1
Calculate the remainder when 1780393 is divided by 593461.
10
Calculate the remainder when 21562 is divided by 394.
286
Calculate the remainder when 1827994 is divided by 909.
904
What is the remainder when 532468 is divided by 532458?
10
What is the remainder when 10023 is divided by 9766?
257
What is the remainder when 12460 is divided by 2485?
35
Calculate the remainder when 505 is divided by 23.
22
Calculate the remainder when 2267672 is divided by 566916.
8
What is the remainder when 26606 is divided by 451?
448
Calculate the remainder when 415650 is divided by 134.
116
What is the remainder when 311023 is divided by 155507?
9
Calculate the remainder when 28901 is divided by 123.
119
What is the remainder when 6001 is divided by 552?
481
What is the remainder when 107 is divided by 6?
5
Calculate the remainder when 8565 is divided by 70.
25
Calculate the remainder when 2840 is divided by 1307.
226
What is the remainder when 9430 is divided by 9316?
114
What is the remainder when 3231 is divided by 33?
30
Calculate the remainder when 10695 is divided by 80.
55
Calculate the remainder when 21635 is divided by 185.
175
Calculate the remainder when 974 is divided by 971.
3
What is the remainder when 3819 is divided by 343?
46
Calculate the remainder when 5124 is divided by 732.
0
Calculate the remainder when 11561 is divided by 6.
5
What is the remainder when 97803 is divided by 18?
9
What is the remainder when 44249 is divided by 158?
9
What is the remainder when 128973 is divided by 42984?
21
What is the remainder when 20252 is divided by 211?
207
What is the remainder when 821564 is divided by 483?
464
What is the remainder when 466486 is divided by 33?
31
What is the remainder when 358836 is divided by 13?
10
What is the remainder when 350 is divided by 175?
0
What is the remainder when 92874 is divided by 92873?
1
Calculate the remainder when 71274 is divided by 1394.
180
What is the remainder when 857 is divided by 105?
17
What is the remainder when 81765 is divided by 110?
35
Calculate the remainder when 912 is divided by 430.
52
Calculate the remainder when 8254 is divided by 1707.
1426
What is the remainder when 278962 is divided by 369?
367
Calculate the remainder when 265145 is divided by 3013.
1
What is the remainder when 4962438 is divided by 109?
104
Calculate the remainder when 2063 is divided by 1025.
13
What is the remainder when 25802 is divided by 46?
42
What is the remainder when 12914 is divided by 104?
18
What is the remainder when 3225 is divided by 53?
45
Calculate the remainder when 8812 is divided by 14.
6
Calculate the remainder when 12919 is divided by 861.
4
What is the remainder when 126188 is divided by 10?
8
Calculate the remainder when 746128 is divided by 374.
372
What is the remainder when 9534 is divided by 309?
264
What is the remainder when 591 is divided by 281?
29
Calculate the remainder when 66922 is divided by 99.
97
Calculate the remainder when 296872 is divided by 43.
0
Calculate the remainder when 27989 is divided by 27.
17
Calculate the remainder when 257339 is divided by 223.
220
What is the remainder when 113354 is divided by 2983?
0
What is the remainder when 210460 is divided by 1096?
28
Calculate the remainder when 1685 is divided by 121.
112
Calculate the remainder when 14894 is divided by 2962.
84
What is the remainder when 557 is divided by 27?
17
Calculate the remainder when 15826 is divided by 248.
202
Calculate the remainder when 135913 is divided by 11.
8
Calculate the remainder when 16957 is divided by 888.
85
Calculate the remainder when 2081077 is divided by 11.
9
What is the remainder when 50813 is divided by 2650?
463
Calculate the remainder when 3878 is divided by 100.
78
What is the remainder when 14228 is divided by 7094?
40
What is the remainder when 38916 is divided by 189?
171
Calculate the remainder when 354973 is divided by 222.
217
Calculate the remainder when 45015 is divided by 59.
57
What is the remainder when 133114 is divided by 102?
4
Calculate the remainder when 1308 is divided by 144.
12
Calculate the remainder when 5926 is divided by 5184.
742
What is the remainder when 12514 is divided by 4159?
37
What is the remainder when 3259 is divided by 28?
11
Calculate the remainder when 1472 is divided by 479.
35
Calculate the remainder when 55617 is divided by 515.
512
Calculate the remainder when 1841 is divided by 509.
314
What is the remainder when 22621 is divided by 145?
1
Calculate the remainder when 2683 is divided by 1577.
1106
What is the remainder when 6597 is divided by 3255?
87
What is the remainder when 3276612 is divided by 751?
750
Calculate the remainder when 888 is divided by 470.
418
Calculate the remainder when 1231332 is divided by 63.
60
What is the remainder when 2231387 is divided by 388?
387
Calculate the remainder when 652 is divided by 262.
128
Calculate the remainder when 2596 is divided by 622.
108
Calculate the remainder when 1247025 is divided by 415671.
12
What is the remainder when 2031 is divided by 2?
1
Calculate the remainder when 178260 is divided by 691.
673
What is the remainder when 18321 is divided by 18?
15
Calculate the remainder when 72899 is divided by 30.
29
Calculate the remainder when 2139 is divided by 686.
81
Calculate the remainder when 3634 is divided by 248.
162
What is the remainder when 2115508 is divided by 399?
10
What is the remainder when 191618 is divided by 55?
53
What is the remainder when 2460575 is divided by 456?
455
What is the remainder when 1621 is divided by 231?
4
Calculate the remainder when 37300 is divided by 357.
172
What is the remainder when 1549040 is divided by 14?
10
What is the remainder when 31696 is divided by 198?
16
Calculate the remainder when 31339 is divided by 145.
19
Calculate the remainder when 1901 is divided by 630.
11
What is the remainder when 48427 is divided by 16142?
1
What is the remainder when 2546787 is divided by 7?
5
Calculate the remainder when 186062 is divided by 46513.
10
What is the remainder when 70232 is divided by 10029?
29
Calculate the remainder when 7451 is divided by 16.
11
Calculate the remainder when 239930 is divided by 23991.
20
What is the remainder when 10418 is divided by 434?
2
What is the remainder when 6704 is divided by 3336?
32
Calculate the remainder when 509911 is divided by 254930.
51
Calculate the remainder when 775436 is divided by 1011.
1010
Calculate the remainder when 250207 is divided by 52.
35
Calculate the remainder when 11186 is divided by 45.
26
Calculate the remainder when 136686 is divided by 41.
33
What is the remainder when 6496 is divided by 6307?
189
Calculate the remainder when 6210 is divided by 144.
18
Calculate the remainder when 1265045 is divided by 50.
45
Calculate the remainder when 533220 is divided by 16.
4
Calculate the remainder when 50477 is divided by 73.
34
Calculate the remainder when 67905 is divided by 9681.
138
Calculate the remainder when 172035 is divided by 340.
335
What is the remainder when 4890 is divided by 698?
4
What is the remainder when 144237 is divided by 97?
95
Calculate the remainder when 26413 is divided by 160.
13
What is the remainder when 1819 is divided by 602?
13
Calculate the remainder when 1025848 is divided by 42.
40
What is the remainder when 3560 is divided by 297?
293
Calculate the remainder when 79960 is divided by 26651.
7
What is the remainder when 6132 is divided by 986?
216
What is the remainder when 5968 is divided by 111?
85
What is the remainder when 313 is divided by 91?
40
Calculate the remainder when 413821 is divided by 61.
58
What is the remainder when 3799 is divided by 21?
19
What is the remainder when 4604 is divided by 1301?
701
Calculate the remainder when 668 is divided by 35.
3
Calculate the remainder when 7152 is divided by 2376.
24
What is